 factor of 479614816?
False
Is 98 a factor of 62056950?
False
Does 13 divide 19566144?
True
Is 13968167 a multiple of 25?
False
Does 12 divide 6525144?
True
Does 43 divide 735064820?
False
Does 2712 divide 1423800?
True
Does 1864 divide 224379533?
False
Is 17137853 a multiple of 17?
True
Is 2615300 a multiple of 138?
False
Is 1643804506 a multiple of 45?
False
Is 461589261 a multiple of 1284?
False
Does 164 divide 28130140?
False
Is 62203588 a multiple of 3?
False
Is 14007340 a multiple of 20?
True
Is 13 a factor of 122782946?
True
Does 546 divide 14244048?
True
Is 1507385616 a multiple of 12?
True
Is 708 a factor of 8895203?
False
Is 81662184 a multiple of 36?
True
Is 53 a factor of 2830678749?
True
Does 4107 divide 396165327?
True
Is 26436874 a multiple of 454?
True
Is 51 a factor of 5349334910?
False
Is 14 a factor of 56715622?
False
Is 969541825 a multiple of 175?
True
Does 360 divide 270627480?
True
Is 39 a factor of 97881927?
True
Does 12 divide 908266642?
False
Does 49 divide 1147838916?
True
Does 67 divide 153280925?
True
Is 102592 a multiple of 64?
True
Is 23216765 a multiple of 1045?
True
Does 322 divide 665252?
True
Is 2725 a factor of 3329148850?
True
Does 199 divide 45523576?
False
Does 84 divide 124021548?
True
Is 54911007 a multiple of 23?
False
Is 91 a factor of 618766260?
False
Does 22 divide 74572403?
False
Does 129 divide 459974397?
True
Is 4561750 a multiple of 514?
True
Is 688 a factor of 42963008?
False
Does 20 divide 2211434?
False
Is 367024760 a multiple of 20?
True
Is 24 a factor of 674551932?
False
Is 44 a factor of 22214456?
True
Does 132 divide 13992792?
True
Is 4446 a factor of 521025100?
False
Is 74 a factor of 5811812?
True
Is 131 a factor of 29367449?
True
Is 41 a factor of 59506268?
False
Is 180 a factor of 29993858?
False
Is 171795043 a multiple of 8323?
True
Is 1043 a factor of 10539224?
False
Is 1204268174 a multiple of 2186?
False
Is 486 a factor of 447248790?
True
Does 400 divide 25158800?
True
Is 63982464 a multiple of 224?
True
Is 179 a factor of 463659404?
True
Does 131 divide 414891352?
False
Is 18 a factor of 220064976?
True
Is 124170430 a multiple of 6576?
False
Does 326 divide 134526220?
False
Does 20 divide 275747240?
True
Is 6 a factor of 27142002?
True
Does 347 divide 105639924?
False
Is 5279 a factor of 4312943?
True
Is 284799858 a multiple of 78?
False
Does 1391 divide 1374819888?
True
Does 1454 divide 38961384?
True
Is 1384263740 a multiple of 2021?
True
Is 3 a factor of 18775743?
True
Is 1406 a factor of 17532820?
True
Does 18 divide 8848926?
True
Does 697 divide 32711204?
False
Is 1013 a factor of 583230259?
False
Is 169 a factor of 30136093?
False
Is 24 a factor of 3940055?
False
Does 587 divide 218391963?
False
Does 1338 divide 278009640?
True
Is 113922996 a multiple of 473?
True
Is 72207623 a multiple of 13?
False
Is 114394041 a multiple of 1083?
True
Is 1892252150 a multiple of 850?
True
Is 29507310 a multiple of 210?
True
Is 2485328887 a multiple of 2531?
False
Does 96 divide 304455552?
True
Does 19 divide 851457148?
False
Is 2634232330 a multiple of 21?
False
Is 97 a factor of 7319090?
False
Is 750447 a multiple of 703?
False
Does 109 divide 16598847?
True
Is 11025 a factor of 394375275?
True
Does 8695 divide 1173616320?
True
Is 89758051 a multiple of 31?
True
Is 939 a factor of 53779347?
True
Is 5144045448 a multiple of 1752?
True
Is 554700203 a multiple of 108?
False
Is 384 a factor of 769945336?
False
Is 1081159300 a multiple of 260?
True
Does 74 divide 183162728?
True
Is 9 a factor of 27811834?
False
Is 12771336 a multiple of 492?
True
Does 530 divide 4317380?
True
Is 350644898 a multiple of 145?
False
Is 74 a factor of 308860830?
True
Does 1418 divide 183031845?
False
Does 160 divide 4101120?
True
Is 1381 a factor of 426292893?
False
Is 61809825 a multiple of 2541?
True
Does 3432 divide 6012864?
True
Does 450 divide 21731983?
False
Is 996 a factor of 4083266852?
False
Does 18 divide 4224085668?
True
Is 1157 a factor of 4247058539?
False
Is 85051776 a multiple of 96?
True
Is 296 a factor of 118817034?
False
Does 13 divide 1440985?
True
Is 489860067 a multiple of 33?
False
Is 395 a factor of 65069738?
False
Does 43 divide 129356040?
True
Is 111 a factor of 9521962?
False
Is 21171006 a multiple of 22?
False
Is 1908 a factor of 494116668?
True
Is 135759806 a multiple of 6?
False
Is 677718435 a multiple of 93?
True
Is 387 a factor of 71579953?
False
Does 1738 divide 802608526?
False
Is 82 a factor of 37621444?
False
Is 8365018 a multiple of 185?
False
Is 180935050 a multiple of 2050?
True
Does 2 divide 497107?
False
Is 108 a factor of 126222408?
True
Does 288 divide 55548000?
True
Is 2702 a factor of 1491939022?
True
Does 795 divide 70774080?
True
Does 35 divide 52843175?
True
Is 3 a factor of 2500966?
False
Is 1155596 a multiple of 71?
True
Is 37 a factor of 70449994?
False
Is 34009701 a multiple of 8?
False
Is 121592548 a multiple of 77?
True
Does 263 divide 2886653122?
False
Is 414721040 a multiple of 127?
True
Does 204 divide 11068428?
True
Is 1709935627 a multiple of 4894?
False
Is 294 a factor of 126761628?
True
Is 265935712 a multiple of 32?
True
Is 31638208 a multiple of 448?
True
Is 17297284 a multiple of 20?
False
Is 912786285 a multiple of 15?
True
Is 1992934 a multiple of 944?
False
Does 163 divide 64791522?
True
Is 38 a factor of 25401270?
False
Does 883 divide 547925649?
False
Is 57 a factor of 84673309?
False
Does 113 divide 360090772?
True
Is 453848316 a multiple of 86?
True
Is 238 a factor of 21229190?
False
Does 223 divide 6298518?
False
Is 881371200 a multiple of 73?
False
Is 584676815 a multiple of 168?
False
Is 4125216 a multiple of 24?
True
Does 20 divide 18695484?
False
Is 4894142 a multiple of 55?
False
Is 61467795 a multiple of 9?
True
Does 1095 divide 943280085?
True
Is 981414944 a multiple of 8?
True
Is 187476155 a multiple of 145?
True
Is 1385 a factor of 107226700?
True
Is 248 a factor of 1168576?
True
Is 28362495 a multiple of 155?
False
Does 17 divide 1389112738?
True
Is 6165153 a multiple of 363?
False
Is 11890299 a multiple of 29?
False
Does 131 divide 1446704606?
False
Does 170 divide 364308300?
True
Is 8 a factor of 11693325?
False
Does 14 divide 7530119352?
True
Is 26091292 a multiple of 1270?
False
Does 5 divide 129278405?
True
Does 1135 divide 66987700?
True
Does 219 divide 65005989?
True
Does 25 divide 4472186680?
False
Is 1290827988 a multiple of 138?
True
Is 639076869 a multiple of 14?
False
Is 27 a factor of 3790543392?
True
Does 5 divide 2824250?
True
Is 6 a factor of 1998780?
True
Is 34 a factor of 12884130?
True
Does 6 divide 27257640?
True
Is 70 a factor of 1164760361?
False
Is 316903512 a multiple of 8?
True
Is 202611096 a multiple of 3?
True
Is 21 a factor of 79632275?
False
Is 104276448 a multiple of 333?
False
Does 144 divide 50012421?
False
Is 2209260596 a multiple of 316?
True
Is 702 a factor of 7419438?
True
Is 25970898 a multiple of 87?
False
Is 23 a factor of 6397614864?
True
Is 6146 a factor of 23438629?
False
Does 83 divide 14160882?
False
Does 1867 divide 909693883?
True
Does 1723 divide 964554353?
True
Does 129 divide 2045839122?
True
Is 7 a factor of 45112508?
True
Does 221 divide 633256715?
True
Does 3064 divide 1323480488?
False
Does 12 divide 5134751?
False
Is 210735422 a multiple of 5?
False
Is 47 a factor of 605261676?
True
Does 17 divide 1961913356?
True
Does 53 divide 203712125?
True
Does 3 divide 15319734?
True
Is 27 a factor of 72069993?
True
Is 3070900 a multiple of 214?
True
Is 361989284 a multiple of 946?
False
Is 271548446 a multiple of 289?
True
Does 53 divide 350281452?
True
Is 60 a factor of 129888226?
False
Is 64 a factor of 105838436?
False
Is 1365 a factor of 2523138345?
True
Is 457834 even?
True
Is 891008344 a multiple of 49?
False
Is 701 a factor of 113842528?
False
Does 8 divide 1458263144?
True
Does 445 divide 166217638?
False
Does 306 divide 312799320?
True
Is 16 a factor of 89120?
True
Is 1674465136 a multiple of 38?
True
Is 551 a factor of 96452846?
False
Does 81 divide 5280397?
False
Is 14745652 a multiple of 122?
True
Is 768 a factor of 333336856?
False
Does 19 divide 29222942?
False
Is 400587658 a multiple of 7?
False
Is 244772085 a multiple of 4435?
True
Does 17 divide 357782?
True
Does 155 d